{"id":1161,"date":"2021-07-19T13:44:22","date_gmt":"2021-07-19T12:44:22","guid":{"rendered":"https:\/\/norwegen.lausitz-event.info\/?page_id=1161"},"modified":"2021-08-04T13:42:30","modified_gmt":"2021-08-04T12:42:30","slug":"live-bericht-smoela-2021","status":"publish","type":"page","link":"https:\/\/norwegen.lausitz-event.info\/index.php\/live-bericht-smoela-2021\/","title":{"rendered":"Live-Bericht Sm\u00f6la 2021"},"content":{"rendered":"\n<p>Hier werdet ihr ab dem 22.07.21 aktuelle Info&#8217;s zur diesj\u00e4hrigen Tour verfolgen k\u00f6nnen.<\/p>\n\n\n\n<p><strong>Der Wahnsinn beginnt&#8230;<\/strong><\/p>\n\n\n\n<figure class=\"wp-block-image size-large\"><img data-recalc-dims=\"1\" loading=\"lazy\" decoding=\"async\" width=\"640\" height=\"853\" src=\"https:\/\/i0.wp.com\/norwegen.lausitz-event.info\/wp-content\/uploads\/2021\/07\/IMG_20210722_134756.jpg?resize=640%2C853&#038;ssl=1\" alt=\"\" class=\"wp-image-1165\" srcset=\"https:\/\/i0.wp.com\/norwegen.lausitz-event.info\/wp-content\/uploads\/2021\/07\/IMG_20210722_134756-scaled.jpg?resize=768%2C1024&amp;ssl=1 768w, https:\/\/i0.wp.com\/norwegen.lausitz-event.info\/wp-content\/uploads\/2021\/07\/IMG_20210722_134756-scaled.jpg?resize=225%2C300&amp;ssl=1 225w, https:\/\/i0.wp.com\/norwegen.lausitz-event.info\/wp-content\/uploads\/2021\/07\/IMG_20210722_134756-scaled.jpg?resize=1152%2C1536&amp;ssl=1 1152w, https:\/\/i0.wp.com\/norwegen.lausitz-event.info\/wp-content\/uploads\/2021\/07\/IMG_20210722_134756-scaled.jpg?resize=1536%2C2048&amp;ssl=1 1536w, https:\/\/i0.wp.com\/norwegen.lausitz-event.info\/wp-content\/uploads\/2021\/07\/IMG_20210722_134756-scaled.jpg?w=1920&amp;ssl=1 1920w, https:\/\/i0.wp.com\/norwegen.lausitz-event.info\/wp-content\/uploads\/2021\/07\/IMG_20210722_134756-scaled.jpg?w=1280&amp;ssl=1 1280w\" sizes=\"auto, (max-width: 640px) 100vw, 640px\" \/><\/figure>\n\n\n\n<p>Und Start 22.07.21 22:40 Uhr &#8230;<\/p>\n\n\n\n<figure class=\"wp-block-image size-large\"><img data-recalc-dims=\"1\" loading=\"lazy\" decoding=\"async\" width=\"640\" height=\"480\" src=\"https:\/\/i0.wp.com\/norwegen.lausitz-event.info\/wp-content\/uploads\/2021\/07\/IMG_20210722_222507.jpg?resize=640%2C480&#038;ssl=1\" alt=\"\" class=\"wp-image-1167\" srcset=\"https:\/\/i0.wp.com\/norwegen.lausitz-event.info\/wp-content\/uploads\/2021\/07\/IMG_20210722_222507-scaled.jpg?resize=1024%2C768&amp;ssl=1 1024w, https:\/\/i0.wp.com\/norwegen.lausitz-event.info\/wp-content\/uploads\/2021\/07\/IMG_20210722_222507-scaled.jpg?resize=300%2C225&amp;ssl=1 300w, https:\/\/i0.wp.com\/norwegen.lausitz-event.info\/wp-content\/uploads\/2021\/07\/IMG_20210722_222507-scaled.jpg?resize=768%2C576&amp;ssl=1 768w, https:\/\/i0.wp.com\/norwegen.lausitz-event.info\/wp-content\/uploads\/2021\/07\/IMG_20210722_222507-scaled.jpg?resize=1536%2C1152&amp;ssl=1 1536w, https:\/\/i0.wp.com\/norwegen.lausitz-event.info\/wp-content\/uploads\/2021\/07\/IMG_20210722_222507-scaled.jpg?resize=2048%2C1536&amp;ssl=1 2048w, https:\/\/i0.wp.com\/norwegen.lausitz-event.info\/wp-content\/uploads\/2021\/07\/IMG_20210722_222507-scaled.jpg?w=1280&amp;ssl=1 1280w, https:\/\/i0.wp.com\/norwegen.lausitz-event.info\/wp-content\/uploads\/2021\/07\/IMG_20210722_222507-scaled.jpg?w=1920&amp;ssl=1 1920w\" sizes=\"auto, (max-width: 640px) 100vw, 640px\" \/><\/figure>\n\n\n\n<p>1. Etappe geschafft<\/p>\n\n\n\n<figure class=\"wp-block-image size-large\"><img data-recalc-dims=\"1\" loading=\"lazy\" decoding=\"async\" width=\"640\" height=\"480\" src=\"https:\/\/i0.wp.com\/norwegen.lausitz-event.info\/wp-content\/uploads\/2021\/07\/IMG_20210723_034139.jpg?resize=640%2C480&#038;ssl=1\" alt=\"\" class=\"wp-image-1170\" srcset=\"https:\/\/i0.wp.com\/norwegen.lausitz-event.info\/wp-content\/uploads\/2021\/07\/IMG_20210723_034139-scaled.jpg?resize=1024%2C768&amp;ssl=1 1024w, https:\/\/i0.wp.com\/norwegen.lausitz-event.info\/wp-content\/uploads\/2021\/07\/IMG_20210723_034139-scaled.jpg?resize=300%2C225&amp;ssl=1 300w, https:\/\/i0.wp.com\/norwegen.lausitz-event.info\/wp-content\/uploads\/2021\/07\/IMG_20210723_034139-scaled.jpg?resize=768%2C576&amp;ssl=1 768w, https:\/\/i0.wp.com\/norwegen.lausitz-event.info\/wp-content\/uploads\/2021\/07\/IMG_20210723_034139-scaled.jpg?resize=1536%2C1152&amp;ssl=1 1536w, https:\/\/i0.wp.com\/norwegen.lausitz-event.info\/wp-content\/uploads\/2021\/07\/IMG_20210723_034139-scaled.jpg?resize=2048%2C1536&amp;ssl=1 2048w, https:\/\/i0.wp.com\/norwegen.lausitz-event.info\/wp-content\/uploads\/2021\/07\/IMG_20210723_034139-scaled.jpg?w=1280&amp;ssl=1 1280w, https:\/\/i0.wp.com\/norwegen.lausitz-event.info\/wp-content\/uploads\/2021\/07\/IMG_20210723_034139-scaled.jpg?w=1920&amp;ssl=1 1920w\" sizes=\"auto, (max-width: 640px) 100vw, 640px\" \/><\/figure>\n\n\n\n<p>2. Etappe Tagesziel Pippi Langstrumpf geschafft&#8230; <\/p>\n\n\n\n<figure class=\"wp-block-image size-large\"><img data-recalc-dims=\"1\" loading=\"lazy\" decoding=\"async\" width=\"640\" height=\"480\" src=\"https:\/\/i0.wp.com\/norwegen.lausitz-event.info\/wp-content\/uploads\/2021\/07\/IMG_20210723_155501.jpg?resize=640%2C480&#038;ssl=1\" alt=\"\" class=\"wp-image-1175\" srcset=\"https:\/\/i0.wp.com\/norwegen.lausitz-event.info\/wp-content\/uploads\/2021\/07\/IMG_20210723_155501-scaled.jpg?resize=1024%2C768&amp;ssl=1 1024w, https:\/\/i0.wp.com\/norwegen.lausitz-event.info\/wp-content\/uploads\/2021\/07\/IMG_20210723_155501-scaled.jpg?resize=300%2C225&amp;ssl=1 300w, https:\/\/i0.wp.com\/norwegen.lausitz-event.info\/wp-content\/uploads\/2021\/07\/IMG_20210723_155501-scaled.jpg?resize=768%2C576&amp;ssl=1 768w, https:\/\/i0.wp.com\/norwegen.lausitz-event.info\/wp-content\/uploads\/2021\/07\/IMG_20210723_155501-scaled.jpg?resize=1536%2C1152&amp;ssl=1 1536w, https:\/\/i0.wp.com\/norwegen.lausitz-event.info\/wp-content\/uploads\/2021\/07\/IMG_20210723_155501-scaled.jpg?resize=2048%2C1536&amp;ssl=1 2048w, https:\/\/i0.wp.com\/norwegen.lausitz-event.info\/wp-content\/uploads\/2021\/07\/IMG_20210723_155501-scaled.jpg?w=1280&amp;ssl=1 1280w, https:\/\/i0.wp.com\/norwegen.lausitz-event.info\/wp-content\/uploads\/2021\/07\/IMG_20210723_155501-scaled.jpg?w=1920&amp;ssl=1 1920w\" sizes=\"auto, (max-width: 640px) 100vw, 640px\" \/><\/figure>\n\n\n\n<p>Zoll geschafft&#8230; <\/p>\n\n\n\n<figure class=\"wp-block-image size-large\"><img data-recalc-dims=\"1\" loading=\"lazy\" decoding=\"async\" width=\"640\" height=\"853\" src=\"https:\/\/i0.wp.com\/norwegen.lausitz-event.info\/wp-content\/uploads\/2021\/07\/IMG_20210724_092018.jpg?resize=640%2C853&#038;ssl=1\" alt=\"\" class=\"wp-image-1174\" srcset=\"https:\/\/i0.wp.com\/norwegen.lausitz-event.info\/wp-content\/uploads\/2021\/07\/IMG_20210724_092018-scaled.jpg?resize=768%2C1024&amp;ssl=1 768w, https:\/\/i0.wp.com\/norwegen.lausitz-event.info\/wp-content\/uploads\/2021\/07\/IMG_20210724_092018-scaled.jpg?resize=225%2C300&amp;ssl=1 225w, https:\/\/i0.wp.com\/norwegen.lausitz-event.info\/wp-content\/uploads\/2021\/07\/IMG_20210724_092018-scaled.jpg?resize=1152%2C1536&amp;ssl=1 1152w, https:\/\/i0.wp.com\/norwegen.lausitz-event.info\/wp-content\/uploads\/2021\/07\/IMG_20210724_092018-scaled.jpg?resize=1536%2C2048&amp;ssl=1 1536w, https:\/\/i0.wp.com\/norwegen.lausitz-event.info\/wp-content\/uploads\/2021\/07\/IMG_20210724_092018-scaled.jpg?w=1920&amp;ssl=1 1920w, https:\/\/i0.wp.com\/norwegen.lausitz-event.info\/wp-content\/uploads\/2021\/07\/IMG_20210724_092018-scaled.jpg?w=1280&amp;ssl=1 1280w\" sizes=\"auto, (max-width: 640px) 100vw, 640px\" \/><\/figure>\n\n\n\n<p>Pause<\/p>\n\n\n\n<figure class=\"wp-block-image size-large\"><img data-recalc-dims=\"1\" loading=\"lazy\" decoding=\"async\" width=\"640\" height=\"853\" src=\"https:\/\/i0.wp.com\/norwegen.lausitz-event.info\/wp-content\/uploads\/2021\/07\/IMG_20210724_131956.jpg?resize=640%2C853&#038;ssl=1\" alt=\"\" class=\"wp-image-1177\" srcset=\"https:\/\/i0.wp.com\/norwegen.lausitz-event.info\/wp-content\/uploads\/2021\/07\/IMG_20210724_131956-scaled.jpg?resize=768%2C1024&amp;ssl=1 768w, https:\/\/i0.wp.com\/norwegen.lausitz-event.info\/wp-content\/uploads\/2021\/07\/IMG_20210724_131956-scaled.jpg?resize=225%2C300&amp;ssl=1 225w, https:\/\/i0.wp.com\/norwegen.lausitz-event.info\/wp-content\/uploads\/2021\/07\/IMG_20210724_131956-scaled.jpg?resize=1152%2C1536&amp;ssl=1 1152w, https:\/\/i0.wp.com\/norwegen.lausitz-event.info\/wp-content\/uploads\/2021\/07\/IMG_20210724_131956-scaled.jpg?resize=1536%2C2048&amp;ssl=1 1536w, https:\/\/i0.wp.com\/norwegen.lausitz-event.info\/wp-content\/uploads\/2021\/07\/IMG_20210724_131956-scaled.jpg?w=1920&amp;ssl=1 1920w, https:\/\/i0.wp.com\/norwegen.lausitz-event.info\/wp-content\/uploads\/2021\/07\/IMG_20210724_131956-scaled.jpg?w=1280&amp;ssl=1 1280w\" sizes=\"auto, (max-width: 640px) 100vw, 640px\" \/><\/figure>\n\n\n\n<p>Gelandet, Montagen fertig gemacht und morgen ist Plateau Tag. \ud83d\ude01<\/p>\n\n\n\n<figure class=\"wp-block-image size-large\"><img data-recalc-dims=\"1\" loading=\"lazy\" decoding=\"async\" width=\"640\" height=\"853\" src=\"https:\/\/i0.wp.com\/norwegen.lausitz-event.info\/wp-content\/uploads\/2021\/07\/IMG_20210724_222357.jpg?resize=640%2C853&#038;ssl=1\" alt=\"\" class=\"wp-image-1179\" srcset=\"https:\/\/i0.wp.com\/norwegen.lausitz-event.info\/wp-content\/uploads\/2021\/07\/IMG_20210724_222357-scaled.jpg?resize=768%2C1024&amp;ssl=1 768w, https:\/\/i0.wp.com\/norwegen.lausitz-event.info\/wp-content\/uploads\/2021\/07\/IMG_20210724_222357-scaled.jpg?resize=225%2C300&amp;ssl=1 225w, https:\/\/i0.wp.com\/norwegen.lausitz-event.info\/wp-content\/uploads\/2021\/07\/IMG_20210724_222357-scaled.jpg?resize=1152%2C1536&amp;ssl=1 1152w, https:\/\/i0.wp.com\/norwegen.lausitz-event.info\/wp-content\/uploads\/2021\/07\/IMG_20210724_222357-scaled.jpg?resize=1536%2C2048&amp;ssl=1 1536w, https:\/\/i0.wp.com\/norwegen.lausitz-event.info\/wp-content\/uploads\/2021\/07\/IMG_20210724_222357-scaled.jpg?w=1920&amp;ssl=1 1920w, https:\/\/i0.wp.com\/norwegen.lausitz-event.info\/wp-content\/uploads\/2021\/07\/IMG_20210724_222357-scaled.jpg?w=1280&amp;ssl=1 1280w\" sizes=\"auto, (max-width: 640px) 100vw, 640px\" \/><\/figure>\n\n\n\n<p>Tag 1 maximaler Erfolg auf dem Plateau mit mehr als 50 Dorschen und noch 3 Butten mit Seelachs, Pollack, Lumb und Co.<\/p>\n\n\n\n<p> <\/p>\n\n\n\n<figure class=\"wp-block-image size-large\"><img data-recalc-dims=\"1\" loading=\"lazy\" decoding=\"async\" width=\"640\" height=\"853\" src=\"https:\/\/i0.wp.com\/norwegen.lausitz-event.info\/wp-content\/uploads\/2021\/07\/IMG_20210725_172706.jpg?resize=640%2C853&#038;ssl=1\" alt=\"\" class=\"wp-image-1181\" srcset=\"https:\/\/i0.wp.com\/norwegen.lausitz-event.info\/wp-content\/uploads\/2021\/07\/IMG_20210725_172706-scaled.jpg?resize=768%2C1024&amp;ssl=1 768w, https:\/\/i0.wp.com\/norwegen.lausitz-event.info\/wp-content\/uploads\/2021\/07\/IMG_20210725_172706-scaled.jpg?resize=225%2C300&amp;ssl=1 225w, https:\/\/i0.wp.com\/norwegen.lausitz-event.info\/wp-content\/uploads\/2021\/07\/IMG_20210725_172706-scaled.jpg?resize=1152%2C1536&amp;ssl=1 1152w, https:\/\/i0.wp.com\/norwegen.lausitz-event.info\/wp-content\/uploads\/2021\/07\/IMG_20210725_172706-scaled.jpg?resize=1536%2C2048&amp;ssl=1 1536w, https:\/\/i0.wp.com\/norwegen.lausitz-event.info\/wp-content\/uploads\/2021\/07\/IMG_20210725_172706-scaled.jpg?w=1920&amp;ssl=1 1920w, https:\/\/i0.wp.com\/norwegen.lausitz-event.info\/wp-content\/uploads\/2021\/07\/IMG_20210725_172706-scaled.jpg?w=1280&amp;ssl=1 1280w\" sizes=\"auto, (max-width: 640px) 100vw, 640px\" \/><\/figure>\n\n\n\n<p>Tag 2 verbrachten wir aufgrund der Windverh\u00e4ltnisse am Fjordausgang. War zwar weniger erfolgreich, sonst aber auch okay. 8 Dorsche, Lachs, Pollack, sowie 6 gute Lengs bis knapp 1m waren die Ausbeute.<\/p>\n\n\n\n<figure class=\"wp-block-image size-large\"><img data-recalc-dims=\"1\" loading=\"lazy\" decoding=\"async\" width=\"640\" height=\"480\" src=\"https:\/\/i0.wp.com\/norwegen.lausitz-event.info\/wp-content\/uploads\/2021\/07\/IMG_20210726_225717.jpg?resize=640%2C480&#038;ssl=1\" alt=\"\" class=\"wp-image-1183\" srcset=\"https:\/\/i0.wp.com\/norwegen.lausitz-event.info\/wp-content\/uploads\/2021\/07\/IMG_20210726_225717-scaled.jpg?resize=1024%2C768&amp;ssl=1 1024w, https:\/\/i0.wp.com\/norwegen.lausitz-event.info\/wp-content\/uploads\/2021\/07\/IMG_20210726_225717-scaled.jpg?resize=300%2C225&amp;ssl=1 300w, https:\/\/i0.wp.com\/norwegen.lausitz-event.info\/wp-content\/uploads\/2021\/07\/IMG_20210726_225717-scaled.jpg?resize=768%2C576&amp;ssl=1 768w, https:\/\/i0.wp.com\/norwegen.lausitz-event.info\/wp-content\/uploads\/2021\/07\/IMG_20210726_225717-scaled.jpg?resize=1536%2C1152&amp;ssl=1 1536w, https:\/\/i0.wp.com\/norwegen.lausitz-event.info\/wp-content\/uploads\/2021\/07\/IMG_20210726_225717-scaled.jpg?resize=2048%2C1536&amp;ssl=1 2048w, https:\/\/i0.wp.com\/norwegen.lausitz-event.info\/wp-content\/uploads\/2021\/07\/IMG_20210726_225717-scaled.jpg?w=1280&amp;ssl=1 1280w, https:\/\/i0.wp.com\/norwegen.lausitz-event.info\/wp-content\/uploads\/2021\/07\/IMG_20210726_225717-scaled.jpg?w=1920&amp;ssl=1 1920w\" sizes=\"auto, (max-width: 640px) 100vw, 640px\" \/><\/figure>\n\n\n\n<p>Hinterher gab es noch Taschenkrebs vom \u00f6rtlichen Fischer.<\/p>\n\n\n\n<figure class=\"wp-block-image size-large\"><img data-recalc-dims=\"1\" loading=\"lazy\" decoding=\"async\" width=\"640\" height=\"853\" src=\"https:\/\/i0.wp.com\/norwegen.lausitz-event.info\/wp-content\/uploads\/2021\/07\/IMG-20210727-WA0007.jpg?resize=640%2C853&#038;ssl=1\" alt=\"\" class=\"wp-image-1185\" srcset=\"https:\/\/i0.wp.com\/norwegen.lausitz-event.info\/wp-content\/uploads\/2021\/07\/IMG-20210727-WA0007.jpg?resize=768%2C1024&amp;ssl=1 768w, https:\/\/i0.wp.com\/norwegen.lausitz-event.info\/wp-content\/uploads\/2021\/07\/IMG-20210727-WA0007.jpg?resize=225%2C300&amp;ssl=1 225w, https:\/\/i0.wp.com\/norwegen.lausitz-event.info\/wp-content\/uploads\/2021\/07\/IMG-20210727-WA0007.jpg?resize=1152%2C1536&amp;ssl=1 1152w, https:\/\/i0.wp.com\/norwegen.lausitz-event.info\/wp-content\/uploads\/2021\/07\/IMG-20210727-WA0007.jpg?w=1200&amp;ssl=1 1200w\" sizes=\"auto, (max-width: 640px) 100vw, 640px\" \/><\/figure>\n\n\n\n<figure class=\"wp-block-image\"><img data-recalc-dims=\"1\" loading=\"lazy\" decoding=\"async\" width=\"640\" height=\"480\" src=\"https:\/\/i0.wp.com\/norwegen.lausitz-event.info\/wp-content\/uploads\/2021\/07\/IMG-20210727-WA0004.jpg?resize=640%2C480&#038;ssl=1\" alt=\"\" class=\"wp-image-1186\" srcset=\"https:\/\/i0.wp.com\/norwegen.lausitz-event.info\/wp-content\/uploads\/2021\/07\/IMG-20210727-WA0004.jpg?w=1600&amp;ssl=1 1600w, https:\/\/i0.wp.com\/norwegen.lausitz-event.info\/wp-content\/uploads\/2021\/07\/IMG-20210727-WA0004.jpg?resize=300%2C225&amp;ssl=1 300w, https:\/\/i0.wp.com\/norwegen.lausitz-event.info\/wp-content\/uploads\/2021\/07\/IMG-20210727-WA0004.jpg?resize=1024%2C768&amp;ssl=1 1024w, https:\/\/i0.wp.com\/norwegen.lausitz-event.info\/wp-content\/uploads\/2021\/07\/IMG-20210727-WA0004.jpg?resize=768%2C576&amp;ssl=1 768w, https:\/\/i0.wp.com\/norwegen.lausitz-event.info\/wp-content\/uploads\/2021\/07\/IMG-20210727-WA0004.jpg?resize=1536%2C1152&amp;ssl=1 1536w, https:\/\/i0.wp.com\/norwegen.lausitz-event.info\/wp-content\/uploads\/2021\/07\/IMG-20210727-WA0004.jpg?w=1280&amp;ssl=1 1280w\" sizes=\"auto, (max-width: 640px) 100vw, 640px\" \/><\/figure>\n\n\n\n<figure class=\"wp-block-image size-large\"><img data-recalc-dims=\"1\" loading=\"lazy\" decoding=\"async\" width=\"640\" height=\"480\" src=\"https:\/\/i0.wp.com\/norwegen.lausitz-event.info\/wp-content\/uploads\/2021\/07\/IMG-20210727-WA0010.jpg?resize=640%2C480&#038;ssl=1\" alt=\"\" class=\"wp-image-1190\" srcset=\"https:\/\/i0.wp.com\/norwegen.lausitz-event.info\/wp-content\/uploads\/2021\/07\/IMG-20210727-WA0010.jpg?resize=1024%2C768&amp;ssl=1 1024w, https:\/\/i0.wp.com\/norwegen.lausitz-event.info\/wp-content\/uploads\/2021\/07\/IMG-20210727-WA0010.jpg?resize=300%2C225&amp;ssl=1 300w, https:\/\/i0.wp.com\/norwegen.lausitz-event.info\/wp-content\/uploads\/2021\/07\/IMG-20210727-WA0010.jpg?resize=768%2C576&amp;ssl=1 768w, https:\/\/i0.wp.com\/norwegen.lausitz-event.info\/wp-content\/uploads\/2021\/07\/IMG-20210727-WA0010.jpg?resize=1536%2C1152&amp;ssl=1 1536w, https:\/\/i0.wp.com\/norwegen.lausitz-event.info\/wp-content\/uploads\/2021\/07\/IMG-20210727-WA0010.jpg?w=1600&amp;ssl=1 1600w, https:\/\/i0.wp.com\/norwegen.lausitz-event.info\/wp-content\/uploads\/2021\/07\/IMG-20210727-WA0010.jpg?w=1280&amp;ssl=1 1280w\" sizes=\"auto, (max-width: 640px) 100vw, 640px\" \/><\/figure>\n\n\n\n<p>Tag 3<\/p>\n\n\n\n<p>Heute mussten wir aufgrund des Windes unter Land bleiben. Trotzdem wanderten wieder einige Dorsche, Lengs und sch\u00f6ne Schellfische in die Kisten. <\/p>\n\n\n\n<figure class=\"wp-block-image size-large\"><img data-recalc-dims=\"1\" loading=\"lazy\" decoding=\"async\" width=\"640\" height=\"853\" src=\"https:\/\/i0.wp.com\/norwegen.lausitz-event.info\/wp-content\/uploads\/2021\/07\/IMG-20210727-WA0011.jpg?resize=640%2C853&#038;ssl=1\" alt=\"\" class=\"wp-image-1193\" srcset=\"https:\/\/i0.wp.com\/norwegen.lausitz-event.info\/wp-content\/uploads\/2021\/07\/IMG-20210727-WA0011.jpg?resize=768%2C1024&amp;ssl=1 768w, https:\/\/i0.wp.com\/norwegen.lausitz-event.info\/wp-content\/uploads\/2021\/07\/IMG-20210727-WA0011.jpg?resize=225%2C300&amp;ssl=1 225w, https:\/\/i0.wp.com\/norwegen.lausitz-event.info\/wp-content\/uploads\/2021\/07\/IMG-20210727-WA0011.jpg?resize=1152%2C1536&amp;ssl=1 1152w, https:\/\/i0.wp.com\/norwegen.lausitz-event.info\/wp-content\/uploads\/2021\/07\/IMG-20210727-WA0011.jpg?w=1200&amp;ssl=1 1200w\" sizes=\"auto, (max-width: 640px) 100vw, 640px\" \/><\/figure>\n\n\n\n<p>Tag 4<\/p>\n\n\n\n<p>Heute fuhren wir zum Plateau. Nach ca. 1\/2h und ein paar gefangenen Dorschen, mussten wir aufgrund des Windes die R\u00fcckfahrt antreten. Roland fing dann noch einen 1,30m Leng. Wir konnten die Butten mit Pollack und Dorsch f\u00fcllen. Selbst einige Lumbs fanden den Weg in die Kisten.<\/p>\n\n\n\n<figure class=\"wp-block-image size-large\"><img data-recalc-dims=\"1\" loading=\"lazy\" decoding=\"async\" width=\"640\" height=\"853\" src=\"https:\/\/i0.wp.com\/norwegen.lausitz-event.info\/wp-content\/uploads\/2021\/07\/IMG-20210728-WA0015.jpg?resize=640%2C853&#038;ssl=1\" alt=\"\" class=\"wp-image-1196\" srcset=\"https:\/\/i0.wp.com\/norwegen.lausitz-event.info\/wp-content\/uploads\/2021\/07\/IMG-20210728-WA0015.jpg?resize=768%2C1024&amp;ssl=1 768w, https:\/\/i0.wp.com\/norwegen.lausitz-event.info\/wp-content\/uploads\/2021\/07\/IMG-20210728-WA0015.jpg?resize=225%2C300&amp;ssl=1 225w, https:\/\/i0.wp.com\/norwegen.lausitz-event.info\/wp-content\/uploads\/2021\/07\/IMG-20210728-WA0015.jpg?w=960&amp;ssl=1 960w\" sizes=\"auto, (max-width: 640px) 100vw, 640px\" \/><\/figure>\n\n\n\n<p>Tag 5<\/p>\n\n\n\n<p>Der letzte Tag begann um 06:30 Uhr mit dem gemeinsamen Fr\u00fchst\u00fcck. Das  Wetter lie\u00df einen weiteren Plateau Tag zu. Angekommen rauschten die Pilker nach unten. Nichts&#8230; In der ersten Stunde kam, mal abgesehen von kleinen K\u00f6hlern, nichts an Bord. Irgendwann fanden unsere Boote die Dorsche und konnten die Butten mit Dorschen zwischen 70cm und 108cm f\u00fcllen. Alles in allem ein weiterer erfolgreicher Angeltag.<\/p>\n\n\n\n<figure class=\"wp-block-image size-large\"><img data-recalc-dims=\"1\" loading=\"lazy\" decoding=\"async\" width=\"640\" height=\"853\" src=\"https:\/\/i0.wp.com\/norwegen.lausitz-event.info\/wp-content\/uploads\/2021\/07\/IMG-20210729-WA0000.jpg?resize=640%2C853&#038;ssl=1\" alt=\"\" class=\"wp-image-1198\" srcset=\"https:\/\/i0.wp.com\/norwegen.lausitz-event.info\/wp-content\/uploads\/2021\/07\/IMG-20210729-WA0000.jpg?resize=768%2C1024&amp;ssl=1 768w, https:\/\/i0.wp.com\/norwegen.lausitz-event.info\/wp-content\/uploads\/2021\/07\/IMG-20210729-WA0000.jpg?resize=225%2C300&amp;ssl=1 225w, https:\/\/i0.wp.com\/norwegen.lausitz-event.info\/wp-content\/uploads\/2021\/07\/IMG-20210729-WA0000.jpg?resize=1152%2C1536&amp;ssl=1 1152w, https:\/\/i0.wp.com\/norwegen.lausitz-event.info\/wp-content\/uploads\/2021\/07\/IMG-20210729-WA0000.jpg?w=1200&amp;ssl=1 1200w\" sizes=\"auto, (max-width: 640px) 100vw, 640px\" \/><\/figure>\n\n\n\n<p><strong>Resume<\/strong><\/p>\n\n\n\n<p>Nach fast 2 Jahren Pause erlebten wir den erfolgreichsten Angelt\u00f6rn seit 14 Jahren. Wir wurden vom Wetter verw\u00f6hnt und konnten Fische in beachtlichen Gr\u00f6\u00dfen an Deck holen. Es scheint fast so das sich der Fischbestand in dieser Zeit ebenfalls erholen konnte. Danke an alle Mitstreiter!<\/p>\n\n\n\n<figure class=\"wp-block-image size-large\"><img data-recalc-dims=\"1\" loading=\"lazy\" decoding=\"async\" width=\"640\" height=\"480\" src=\"https:\/\/i0.wp.com\/norwegen.lausitz-event.info\/wp-content\/uploads\/2021\/07\/IMG-20210729-WA0003.jpg?resize=640%2C480&#038;ssl=1\" alt=\"\" class=\"wp-image-1199\" srcset=\"https:\/\/i0.wp.com\/norwegen.lausitz-event.info\/wp-content\/uploads\/2021\/07\/IMG-20210729-WA0003.jpg?w=1024&amp;ssl=1 1024w, https:\/\/i0.wp.com\/norwegen.lausitz-event.info\/wp-content\/uploads\/2021\/07\/IMG-20210729-WA0003.jpg?resize=300%2C225&amp;ssl=1 300w, https:\/\/i0.wp.com\/norwegen.lausitz-event.info\/wp-content\/uploads\/2021\/07\/IMG-20210729-WA0003.jpg?resize=768%2C576&amp;ssl=1 768w\" sizes=\"auto, (max-width: 640px) 100vw, 640px\" \/><\/figure>\n\n\n\n<figure class=\"wp-block-image size-large\"><img data-recalc-dims=\"1\" loading=\"lazy\" decoding=\"async\" width=\"640\" height=\"480\" src=\"https:\/\/i0.wp.com\/norwegen.lausitz-event.info\/wp-content\/uploads\/2021\/08\/IMG_20210730_211133.jpg?resize=640%2C480&#038;ssl=1\" alt=\"\" class=\"wp-image-1262\" srcset=\"https:\/\/i0.wp.com\/norwegen.lausitz-event.info\/wp-content\/uploads\/2021\/08\/IMG_20210730_211133-scaled.jpg?resize=1024%2C768&amp;ssl=1 1024w, https:\/\/i0.wp.com\/norwegen.lausitz-event.info\/wp-content\/uploads\/2021\/08\/IMG_20210730_211133-scaled.jpg?resize=300%2C225&amp;ssl=1 300w, https:\/\/i0.wp.com\/norwegen.lausitz-event.info\/wp-content\/uploads\/2021\/08\/IMG_20210730_211133-scaled.jpg?resize=768%2C576&amp;ssl=1 768w, https:\/\/i0.wp.com\/norwegen.lausitz-event.info\/wp-content\/uploads\/2021\/08\/IMG_20210730_211133-scaled.jpg?resize=1536%2C1152&amp;ssl=1 1536w, https:\/\/i0.wp.com\/norwegen.lausitz-event.info\/wp-content\/uploads\/2021\/08\/IMG_20210730_211133-scaled.jpg?resize=2048%2C1536&amp;ssl=1 2048w, https:\/\/i0.wp.com\/norwegen.lausitz-event.info\/wp-content\/uploads\/2021\/08\/IMG_20210730_211133-scaled.jpg?w=1280&amp;ssl=1 1280w, https:\/\/i0.wp.com\/norwegen.lausitz-event.info\/wp-content\/uploads\/2021\/08\/IMG_20210730_211133-scaled.jpg?w=1920&amp;ssl=1 1920w\" sizes=\"auto, (max-width: 640px) 100vw, 640px\" \/><figcaption>Die Gewinner der diesj\u00e4hrigen Tour. Roland konnte mit seinem Leng von 1,30m L\u00e4nge das Erwachsenenduell f\u00fcr sich entscheiden. Bei der Jugend  fing Luca den gr\u00f6\u00dften Fisch, einen Dorsch von 1,03m. In der Kategorie der meisten Fische konnte sich Janek vor Max und Luca durchsetzen.<\/figcaption><\/figure>\n","protected":false},"excerpt":{"rendered":"<p>Hier werdet ihr ab dem 22.07.21 aktuelle Info&#8217;s zur diesj\u00e4hrigen Tour verfolgen k\u00f6nnen. Der Wahnsinn beginnt&#8230; Und Start 22.07.21 22:40 Uhr &#8230; 1. Etappe geschafft 2. Etappe Tagesziel Pippi Langstrumpf geschafft&#8230; Zoll geschafft&#8230; Pause Gelandet,<\/p>\n","protected":false},"author":1,"featured_media":0,"parent":0,"menu_order":0,"comment_status":"closed","ping_status":"closed","template":"","meta":{"ngg_post_thumbnail":0,"footnotes":""},"class_list":["post-1161","page","type-page","status-publish","hentry"],"jetpack_sharing_enabled":true,"_links":{"self":[{"href":"https:\/\/norwegen.lausitz-event.info\/index.php\/wp-json\/wp\/v2\/pages\/1161","targetHints":{"allow":["GET"]}}],"collection":[{"href":"https:\/\/norwegen.lausitz-event.info\/index.php\/wp-json\/wp\/v2\/pages"}],"about":[{"href":"https:\/\/norwegen.lausitz-event.info\/index.php\/wp-json\/wp\/v2\/types\/page"}],"author":[{"embeddable":true,"href":"https:\/\/norwegen.lausitz-event.info\/index.php\/wp-json\/wp\/v2\/users\/1"}],"replies":[{"embeddable":true,"href":"https:\/\/norwegen.lausitz-event.info\/index.php\/wp-json\/wp\/v2\/comments?post=1161"}],"version-history":[{"count":20,"href":"https:\/\/norwegen.lausitz-event.info\/index.php\/wp-json\/wp\/v2\/pages\/1161\/revisions"}],"predecessor-version":[{"id":1263,"href":"https:\/\/norwegen.lausitz-event.info\/index.php\/wp-json\/wp\/v2\/pages\/1161\/revisions\/1263"}],"wp:attachment":[{"href":"https:\/\/norwegen.lausitz-event.info\/index.php\/wp-json\/wp\/v2\/media?parent=1161"}],"curies":[{"name":"wp","href":"https:\/\/api.w.org\/{rel}","templated":true}]}}